 u**3/2 - 9*u**2/2 - 4*u. Let g(x) = 10*x - 28. Let b(l) = -2*g(l) + 7*s(l). What is b(y)?
-2
Let l(s) = -s**3 - 7*s**2 + 10*s + 10. Let h = -6 - 2. Determine l(h).
-6
Let v(p) = -18*p. Let x(z) = 182*z. Let l(g) = 21*v(g) + 2*x(g). Calculate l(-1).
14
Let k(n) = -n**2 - 13*n - 9. Let b be k(-12). Let i(v) = -2*v - v**b + 0*v**2 + v + 0*v - 1 - 5*v**2. Determine i(-5).
4
Let z(p) = p**3 - 6*p**2 + 5*p - 5. Let g be (-5)/(-10)*(11 - 1). Suppose 0*t + 11 = c + 3*t, 5*c = -g*t + 35. Calculate z(c).
-5
Let k(i) = 5*i - 1. Suppose -21 = -2*h - 0*p - 5*p, h = 3*p - 17. Determine k(h).
-11
Let s(w) = -9 + 4*w - 6*w + 3*w - 4*w. What is s(-6)?
9
Let y be 19/(-4) - 2/8. Let h(i) be the first derivative of -i**5/120 + i**4/24 - i**3/3 + 2. Let o(t) be the third derivative of h(t). Give o(y).
6
Let o(g) = -6*g**2 - 3 + g**3 + 7*g + 2 + 0*g - 2*g. What is o(4)?
-13
Let a(c) = -1 - 5*c**3 + 0*c**3 + 3*c**2 + 4*c**3 - 2*c. Suppose -4*v + 5 = -7. Calculate a(v).
-7
Let x(h) = -1 - 2*h**3 - 3*h**2 - 3*h + 0*h**3 + 0*h. Calculate x(-2).
9
Let j(r) = -7*r + 6*r + 2*r + 5. Calculate j(-8).
-3
Let a(v) = v**2 + 2*v - 1. Let t(j) = j - 9. Let f = 3 - -7. Let b be t(f). Give a(b).
2
Let j(i) = 4*i**2 - 6*i. Let q(x) = 5*x**2 - 7*x. Let c(b) = 4*j(b) - 3*q(b). What is c(5)?
10
Let j(g) = -1. Let x(t) = -t + 4 + 3 - 6 + 0*t. Let o(p) = -5*j(p) + x(p). Determine o(0).
6
Let s(f) = 14*f - 20. Let v(t) = 5*t - 7. Let g(n) = 3*s(n) - 8*v(n). Calculate g(-6).
-16
Let j(u) be the second derivative of 2*u + 0*u**2 + 0 - 1/30*u**5 - 1/4*u**4 - 1/3*u**3. Let f(a) be the second derivative of j(a). Give f(-4).
10
Let w(s) = 3*s**3 + 5*s**2 - s - 6. Let a(c) = -7*c**3 - 10*c**2 + 2*c + 13. Let n(r) = 2*a(r) + 5*w(r). Calculate n(-5).
1
Let u(q) = 17*q**2 + 2*q. Let g(h) = 2*h**2 + h**2 + h + 5*h**2. Let l(r) = 7*g(r) - 3*u(r). Give l(1).
6
Let b(t) = -5*t**2 + t. Suppose 4*v = -3*p + 53, -5*p + 70 = -v + 6*v. Let r(z) = 4 + 8 - 3*z + 2*z. Let o be r(v). Give b(o).
-4
Let n(v) = v**2 + 3. Let g(m) = m**3 - 3*m + 3. Let p be g(2). Suppose -4*c + 21 = p. Suppose -6*z = -c*z. Give n(z).
3
Suppose l - 1 = 2*l. Let h(x) = -15*x**2 - 2*x - 1. What is h(l)?
-14
Let p = -11 + 14. Let i(n) = -n**3 + 4*n**2 - 3*n + 4. Give i(p).
4
Let n(u) = u + 2. Let v(o) = -1. Let y(b) = -2*b. Let q(d) = 4*v(d) + y(d). Let j(s) = 11*n(s) + 6*q(s). Calculate j(-3).
1
Let z(t) = -51*t**2 + 0 + 50*t**2 + 2 + 1 + t. Let g = 5 - 2. Determine z(g).
-3
Let h = 5 - 1. Let o(z) = 0 - 6*z + 5*z**3 + 5*z**3 - h*z**2 - 9*z**3 - 1. Give o(5).
-6
Let k(a) = a + 1. Let t(g) = -4*g - 6. Let o(r) = -10*k(r) - 2*t(r). Calculate o(-4).
10
Suppose -5*a + a + 8 = 0. Let s(k) = k**2 - 1 - k - 5*k**a + 5*k**2. What is s(-1)?
1
Let r(k) = -k**2 + 4*k - 6. Let x = 7 - -3. Let h = -6 + x. Give r(h).
-6
Let k(m) be the second derivative of -m**5/120 + m**4/24 + m**3/3 + 2*m. Let g(v) be the second derivative of k(v). What is g(4)?
-3
Let x be (1 - (-1 + 2))/1. Suppose x*g + g = -2*n + 3, -9 = -3*g - 4*n. Let r(z) = -3*z - 1. Let u(j) = 2*j + 1. Let m(h) = g*r(h) + 5*u(h). Determine m(3).
5
Let u be (-1)/(6/(-4) + 1). Let p(o) = 0 + 5*o**u + 2 - 4*o**2 + 6*o. Determine p(-4).
-6
Let v(z) = 2*z**2 - 4*z - 8. Let a(q) = -q**2 + 5*q + 7. Let h(k) = -3*a(k) - 2*v(k). Give h(-5).
5
Let p(j) = -14*j**3 - 15*j**2 + 8*j + 2. Let k = -11 + 7. Let f(o) = -5*o**3 - 5*o**2 + 3*o + 1. Let m(s) = k*p(s) + 11*f(s). Calculate m(-5).
-2
Suppose -z + 2*s - 1 = 0, 2*z + 5*s + 29 = -0*s. Let r(l) = -5. Let x(t) = -t + 9. Let q(c) = z*r(c) - 4*x(c). Give q(3).
11
Let r(d) = -d**3 - 32*d - d**2 - 26*d - 5 + 51*d - 7*d**2. Give r(-7).
-5
Let u(j) = 3*j**2 + j + 4. Let x(o) = -12*o**2 - 5*o - 17. Let y(d) = -9*u(d) - 2*x(d). Determine y(-2).
-16
Let t = -36 - -38. Let n(y) be the first derivative of 1/4*y**4 + 0*y**t - 3 + 1/3*y**3 - y. Give n(-1).
-1
Let p(a) = a**2 + a. Let c be p(0). Let i(b) = 1 + 0*b + b + 6 + c*b. Give i(-5).
2
Let u be (2/3)/((-4)/(-18)). Suppose 4*y - 7*y = u. Let r = y - -5. Let z(s) = -s**3 + 5*s**2 - 2*s - 2. Determine z(r).
6
Let u(q) = q**2 - 4*q + 1. Suppose 4*a - 5 = s, 3*s = -a - 2 - 0. Let k = 3 - s. Suppose -8 + k = -v. Determine u(v).
1
Let f(m) = -1 + 4 + m + 4 - 6. Calculate f(4).
5
Let p(a) = 6*a**2 - 3*a - 2. Let h be p(-1). Let l(i) = 2*i - 1. Give l(h).
13
Let t(i) = 2*i - 3. Let y be t(3). Suppose y*k - 1 - 20 = 0. Let n(d) = 4*d**2 - k + 1 + 0*d**3 + 6*d + d**2 - d**3. What is n(6)?
-6
Suppose 5*z + 16 = -4*k, -5*z = -10*z - 3*k - 17. Let w(s) = s**3 + 5*s**2 + 2*s - 5. Calculate w(z).
3
Suppose -2*q + 15 = -5*q. Let j(h) = -2*h + 0*h - 1 - h**2 - h + 0*h. Give j(q).
-11
Suppose 6 = 6*w - 18. Let b(j) be the third derivative of 1/8*j**w + 0 + 0*j - 3*j**2 + 1/6*j**3. Calculate b(-1).
-2
Let w(s) = -5*s - 2. Let f(b) = -4*b - 2. Let i(y) = 4*f(y) - 3*w(y). Let l(u) = -1 - 1 + u**2 - 1 - u**3. Let c be l(0). Determine i(c).
1
Let g(m) = m**3 - 2*m**2 + 2*m - 2. Suppose -a - 3 = -0. Let z be a - (3 - (0 - -8)). Give g(z).
2
Let i(z) = z - 3. Let v be 8/(-36) + (-136)/36. Let q = v - -8. Calculate i(q).
1
Let n(z) = -2*z**3 + 2*z**2 - 2*z + 1. Let j(m) = -3*m**3 + m**2 - 2*m + 1. Let h(r) = -3*j(r) + 4*n(r). Give h(-5).
11
Let o(d) = -d**3 + d**2. Let h(f) = -2*f**3 + 8*f**2 + f. Suppose 3*t - 9 = 4*t. Let u = -6 - t. Let z(q) = u*o(q) - h(q). Determine z(-5).
5
Let r = 13 - 16. Let w(f) = f**3 + 3*f**2 - f + 1. What is w(r)?
4
Let y(d) be the first derivative of -d**3/3 - 3*d**2 + 3*d + 38. Determine y(-5).
8
Let k(n) = 3*n**3. Let p = -79 - -78. Determine k(p).
-3
Suppose 12 = 4*o + 5*y, 7*y = -4*o + 3*y + 12. Let k(r) = -3*r - 16. Let c be k(-6). Let h(t) = -t**3 - o*t + 2 + 5 + 2*t**c - 5. Calculate h(2).
-4
Let d(q) = q**2 - 5*q + 3. Let k(s) = 2*s. Let m be k(2). Let z be d(m). Let n = 3 + z. Let c(p) = -3*p + 1. What is c(n)?
-5
Let n be (-21)/(-2)*6/9. Let q = 4 - n. Let u(i) = i**3 + 5*i**2 + 3*i - 4. Determine u(q).
5
Let p = -20 + 30. Let y = 5 - p. Let j(r) = -r**2 - 4*r - 2. Give j(y).
-7
Let p be ((-32)/(-4))/(2/3). Suppose k = -3*m + 5, 7*k - 3*k = -4*m + p. Let a(y) = 6*y - 1. Calculate a(m).
5
Let i be (-35)/(-20) - (-1)/4. Suppose 3*r + 0 = -o + 5, -4*r - 10 = -i*o. Let g(k) = k**3 + k - 3. Determine g(r).
-3
Let v(l) = 18 + 4*l - 19 - 2*l - 3*l. Calculate v(5).
-6
Let w(q) = q - 2*q + 0*q. Let k(r) = -39*r**3 + r**2 - r. Let a be k(1). Let j be 2/(-5) - a/(-15). What is w(j)?
3
Let v(u) = -u**3 - 11*u**2 - 10*u. Let y(p) = p - 7. Let k be y(-3). Give v(k).
0
Let b(z) = -3*z**2 + 0 + 2 + 4*z + 2*z**2 + 0*z**2. Give b(5).
-3
Suppose -5*j + j - 16 = 0. Let c(q) = q**3 + 15*q**2 + 15*q + 12. Let s be c(-14). Let o be 2/j - 3/s. Let r(t) = -t**3 - t**2 + 1. Calculate r(o).
-1
Let q(x) = -x. Let j(g) = -2*g. Let r be j(-1). Suppose r*c = o - 8, 6*c - o = 2*c - 20. Determine q(c).
6
Let n be -1*(0 + 0 - 4). Let h(a) = n*a + a + a + a. Let w(t) = t**2 - 2*t - 4. Let v be w(3). Determine h(v).
-7
Suppose b = -1 - 0. Let i(d) = -3*d**2. What is i(b)?
-3
Let q(x) = -3*x + 1. Suppose 4*f - 1 + 9 = -2*v, 0 = f + 2*v + 8. Let y = f + -2. Let m = y + 1. Calculate q(m).
4
Let c(w) = -w**2 - 7*w - 6. Suppose -12 + 57 = 5*q. Let u be 30/q*(-6)/5. Calculate c(u).
6
Suppose -5*k + 12 = 2*v, 3*k + 5 = 2*v - 7. Let i(j) be the first derivative of 1/4*j**4 - 7*j + 1/2*j**2 - 2*j**3 + 2. Calculate i(v).
-1
Let b(y) = -7 + 2*y - 1 + 1 + 4. Give b(5).
7
Let i(k) = 7*k**2 - 3*k + 3. Let w be i(2). Suppose 8*d - 3*d = -w. Let h(t) = -t**3 - 4*t**2 + 5*t + 6. Determine h(d).
6
Let d(l) = -l**3 - l**2 - l + 4. Let r(k) = 2*k**3 + k**2 + 2*k - 8. Let w(g) = 7*d(g) + 4*r(g). Let q be (-6)/9 + (-42)/(-9). Determine w(q).
16
Let i(l) = -2*l - 2. Let b = -6 - 0. Determine i(b).
10
Let d(r) = -3*r**2 + 9*r + 10. Let h(i) = -i**2 + 3*i + 3. Let z(t) = -3*d(t) + 8*h(t). Let g = 4 - -1. Suppose -m = -0*m - g. Calculate z(m).
4
Let r(w) = -w**3 - w**2 - w + 1. Suppose 0 = -7*j + 8*j. Calculate r(j).
1
Suppose -2*f = 2*f - 4, -4*f = i - 6. Suppose i*o + 18 = 2*t, -2*o + 6 = 4*t - 0. Let z(x) = -x**2 - 4*x - 5. Give z(o).
-10
Let o(z) be the second derivative of z**4/12 - 7*z**3/6 - 3*z**2/2 + 9*z. Give o(7).
-3
Suppose 12 = b + 3*v - 9, 3*v = -2*b + 30. Suppose -41 - b = -5*u. Suppose -u = -2*n - 0. Let p(j) = -j**3 + 6*j**2 - 5*j 